2167 is divided by 2161.
6
Calculate the remainder when 750 is divided by 27.
21
What is the remainder when 1453 is divided by 77?
67
Calculate the remainder when 87 is divided by 9.
6
Calculate the remainder when 208 is divided by 34.
4
Calculate the remainder when 1010 is divided by 92.
90
What is the remainder when 104 is divided by 7?
6
What is the remainder when 1942 is divided by 277?
3
What is the remainder when 135 is divided by 29?
19
Calculate the remainder when 95 is divided by 27.
14
What is the remainder when 409 is divided by 41?
40
What is the remainder when 1257 is divided by 9?
6
Calculate the remainder when 133 is divided by 34.
31
What is the remainder when 441 is divided by 74?
71
Calculate the remainder when 19786 is divided by 97.
95
Calculate the remainder when 524 is divided by 74.
6
Calculate the remainder when 725 is divided by 126.
95
What is the remainder when 2855 is divided by 130?
125
What is the remainder when 141 is divided by 11?
9
Calculate the remainder when 1431 is divided by 406.
213
What is the remainder when 582 is divided by 53?
52
What is the remainder when 69 is divided by 12?
9
Calculate the remainder when 109 is divided by 69.
40
What is the remainder when 220 is divided by 29?
17
Calculate the remainder when 1904 is divided by 22.
12
What is the remainder when 126 is divided by 110?
16
What is the remainder when 52 is divided by 7?
3
What is the remainder when 187 is divided by 47?
46
Calculate the remainder when 341 is divided by 41.
13
What is the remainder when 11 is divided by 7?
4
What is the remainder when 602 is divided by 16?
10
Calculate the remainder when 718 is divided by 15.
13
Calculate the remainder when 849 is divided by 398.
53
What is the remainder when 782 is divided by 236?
74
What is the remainder when 4762 is divided by 1183?
30
Calculate the remainder when 136 is divided by 37.
25
What is the remainder when 153 is divided by 11?
10
What is the remainder when 140 is divided by 91?
49
What is the remainder when 1358 is divided by 17?
15
What is the remainder when 228 is divided by 18?
12
What is the remainder when 402 is divided by 9?
6
Calculate the remainder when 673 is divided by 177.
142
Calculate the remainder when 133 is divided by 32.
5
Calculate the remainder when 405 is divided by 17.
14
What is the remainder when 1367 is divided by 18?
17
Calculate the remainder when 207 is divided by 35.
32
Calculate the remainder when 400 is divided by 98.
8
Calculate the remainder when 4406 is divided by 29.
27
Calculate the remainder when 93 is divided by 12.
9
What is the remainder when 285 is divided by 123?
39
Calculate the remainder when 407 is divided by 34.
33
What is the remainder when 32 is divided by 20?
12
What is the remainder when 115 is divided by 68?
47
Calculate the remainder when 88 is divided by 81.
7
What is the remainder when 286 is divided by 65?
26
What is the remainder when 295 is divided by 87?
34
Calculate the remainder when 639 is divided by 36.
27
Calculate the remainder when 3586 is divided by 211.
210
What is the remainder when 260 is divided by 38?
32
Calculate the remainder when 7148 is divided by 143.
141
What is the remainder when 579 is divided by 171?
66
What is the remainder when 125 is divided by 50?
25
What is the remainder when 2173 is divided by 109?
102
What is the remainder when 1253 is divided by 182?
161
What is the remainder when 28 is divided by 11?
6
Calculate the remainder when 519 is divided by 397.
122
Calculate the remainder when 502 is divided by 40.
22
Calculate the remainder when 4671 is divided by 9.
0
Calculate the remainder when 520 is divided by 111.
76
Calculate the remainder when 221 is divided by 77.
67
What is the remainder when 139 is divided by 37?
28
Calculate the remainder when 501 is divided by 81.
15
What is the remainder when 608 is divided by 47?
44
What is the remainder when 1100 is divided by 1096?
4
What is the remainder when 29 is divided by 5?
4
Calculate the remainder when 118 is divided by 59.
0
Calculate the remainder when 83 is divided by 27.
2
What is the remainder when 1417 is divided by 22?
9
What is the remainder when 99 is divided by 10?
9
What is the remainder when 130 is divided by 64?
2
Calculate the remainder when 87 is divided by 21.
3
What is the remainder when 122 is divided by 33?
23
Calculate the remainder when 300 is divided by 54.
30
Calculate the remainder when 1133 is divided by 21.
20
Calculate the remainder when 1590 is divided by 94.
86
Calculate the remainder when 3038 is divided by 19.
17
What is the remainder when 173 is divided by 151?
22
Calculate the remainder when 1821 is divided by 70.
1
Calculate the remainder when 149 is divided by 15.
14
What is the remainder when 1259 is divided by 2?
1
What is the remainder when 153 is divided by 38?
1
What is the remainder when 358 is divided by 4?
2
What is the remainder when 151 is divided by 64?
23
What is the remainder when 205 is divided by 11?
7
Calculate the remainder when 326 is divided by 25.
1
Calculate the remainder when 142 is divided by 12.
10
What is the remainder when 123619 is divided by 226?
223
What is the remainder when 40 is divided by 30?
10
Calculate the remainder when 567 is divided by 58.
45
What is the remainder when 631 is divided by 8?
7
Calculate the remainder when 354 is divided by 29.
6
Calculate the remainder when 1827 is divided by 122.
119
Calculate the remainder when 416 is divided by 42.
38
Calculate the remainder when 91 is divided by 16.
11
Calculate the remainder when 42 is divided by 16.
10
What is the remainder when 731 is divided by 177?
23
Calculate the remainder when 172 is divided by 37.
24
What is the remainder when 300 is divided by 3?
0
Calculate the remainder when 255 is divided by 65.
60
What is the remainder when 478 is divided by 40?
38
Calculate the remainder when 36 is divided by 20.
16
Calculate the remainder when 12 is divided by 8.
4
Calculate the remainder when 613 is divided by 102.
1
What is the remainder when 1799 is divided by 52?
31
Calculate the remainder when 2587 is divided by 10.
7
What is the remainder when 16937 is divided by 70?
67
What is the remainder when 13406 is divided by 8?
6
Calculate the remainder when 615 is divided by 53.
32
What is the remainder when 611 is divided by 126?
107
Calculate the remainder when 86 is divided by 33.
20
Calculate the remainder when 130 is divided by 3.
1
Calculate the remainder when 350 is divided by 253.
97
Calculate the remainder when 1235 is divided by 103.
102
What is the remainder when 106 is divided by 38?
30
Calculate the remainder when 407 is divided by 8.
7
Calculate the remainder when 97 is divided by 51.
46
What is the remainder when 1786 is divided by 149?
147
What is the remainder when 438 is divided by 40?
38
What is the remainder when 24 is divided by 8?
0
What is the remainder when 425 is divided by 105?
5
What is the remainder when 247 is divided by 50?
47
Calculate the remainder when 80 is divided by 25.
5
Calculate the remainder when 1414 is divided by 232.
22
What is the remainder when 3556 is divided by 30?
16
What is the remainder when 244 is divided by 49?
48
What is the remainder when 21 is divided by 14?
7
What is the remainder when 142 is divided by 65?
12
Calculate the remainder when 220 is divided by 29.
17
What is the remainder when 255 is divided by 44?
35
What is the remainder when 191 is divided by 179?
12
Calculate the remainder when 255 is divided by 22.
13
What is the remainder when 1281 is divided by 108?
93
What is the remainder when 1193 is divided by 52?
49
What is the remainder when 298 is divided by 5?
3
Calculate the remainder when 136 is divided by 21.
10
What is the remainder when 845 is divided by 53?
50
What is the remainder when 193 is divided by 169?
24
What is the remainder when 1586 is divided by 260?
26
What is the remainder when 346 is divided by 86?
2
Calculate the remainder when 1515 is divided by 41.
39
What is the remainder when 129 is divided by 23?
14
Calculate the remainder when 19634 is divided by 12.
2
Calculate the remainder when 222 is divided by 32.
30
What is the remainder when 658 is divided by 133?
126
What is the remainder when 319 is divided by 49?
25
Calculat